of 105 and i?
15
Let r = -28 + 73. What is the highest common factor of 25 and r?
5
Suppose -19 = -3*y - z, -5*y - z + 38 - 5 = 0. Let p(q) = q**3 - 7*q**2 + 7*q - 13. Let t be p(y). Calculate the greatest common divisor of t and 12.
12
Let o = -190 + 230. What is the greatest common divisor of o and 16?
8
Suppose -25*p - 75 + 475 = 0. What is the highest common divisor of p and 128?
16
Suppose -4*n + 2*t + 458 = 0, 0*t = -5*n - 2*t + 550. Let u = 157 - n. Suppose -285 = -5*g - u. Calculate the highest common factor of g and 24.
24
Let f(l) = 2*l + 16. Let v be f(-7). Let z be (1*15)/(v + -1). Suppose -4 = 5*t - 19, 2*t - 246 = -4*k. Calculate the highest common divisor of k and z.
15
Let l be 3/(-4) - (-2)/(8/615). Calculate the greatest common factor of l and 18.
9
Let v(f) = -f**3 - 17*f**2 + 21. Let b be v(-17). Let n be b - (-1 + 4) - -4. Calculate the greatest common divisor of n and 66.
22
Suppose -1391*q + 1389*q = -28. Calculate the greatest common factor of q and 238.
14
Let p(h) = -18*h**2 - 114*h - 15. Let m be p(-6). What is the highest common factor of 357 and m?
21
Suppose 4*f = -3*s - 192, 4*s = f - 0*f + 48. Let t be 11/4 - 18/f*-2. What is the highest common divisor of t and 2?
2
Let h = -32 - -24. Let y be (6 + 29)/((-1)/h). Let f = y - 137. What is the greatest common divisor of 13 and f?
13
Let c(f) be the first derivative of f**3/3 - 2*f**2 + 9*f + 17. Let p be c(4). What is the highest common factor of 27 and p?
9
Suppose 15*s = 9 + 21. Calculate the highest common factor of 26 and s.
2
Let p be 2 + (16/(-4) - -4). Suppose 6*l - p*l - s = 90, 6 = -3*s. Calculate the highest common divisor of 22 and l.
22
Let i(c) be the first derivative of c**2/2 + 11*c - 2. Let b be i(0). Suppose 0 = -d + b. What is the greatest common divisor of 33 and d?
11
Let f = 173 + 79. Calculate the greatest common divisor of 63 and f.
63
Suppose 6*t - 9 - 33 = 0. Suppose t*y - 3*y = 420. Calculate the greatest common factor of 15 and y.
15
Let f(m) = 52*m - 59. Let x(d) = -9*d + 10. Let h(b) = -6*f(b) - 34*x(b). Let p be h(-11). Calculate the highest common factor of p and 40.
40
Suppose 0*r + 4*r - 68 = 0. Let y be 10*((-70)/(-4) + -3). Suppose 2*b = 161 + y. What is the greatest common divisor of b and r?
17
Suppose 5*i - 313 + 223 = 5*c, 5*i - c - 106 = 0. What is the greatest common divisor of i and 33?
11
Suppose 63 = 6*m - 63. Calculate the greatest common divisor of 28 and m.
7
Let n = 133 - 46. Suppose 0 = k + 5*b - 32 - 4, 4*k = b + 249. Suppose q - k + 3 = 0. Calculate the highest common divisor of n and q.
29
Let l be (-2 - -1)/(4/(-12))*14. Let z = l + 86. Calculate the greatest common divisor of z and 16.
16
Let r = -38 + 41. Let d be 21 - 0 - r/(-1 + 4). Calculate the highest common factor of 8 and d.
4
Let g be 10 + 2*(-2)/(-4). Let y be 22*(2 - 2/8*6). What is the highest common factor of y and g?
11
Let g be (85/(-17))/(10/(-4)). Suppose -3*r - v = g*v - 24, -2*v = -8. Let d(j) = j + 10. Let f be d(-6). What is the greatest common divisor of r and f?
4
Let f be 306/24*4 - 11. What is the greatest common divisor of 340 and f?
20
Let t be (-2)/(-10) + 2576/20. Suppose -2*c + 143 + t = 0. Calculate the highest common divisor of c and 34.
34
Suppose -22*j - 445 = -1149. What is the greatest common divisor of j and 16?
16
Suppose 3*k = 4*l + 13, -2*l + 13 = k + 4*k. Let b be (-2 + 12/(-10))/(k/(-15)). Calculate the greatest common divisor of 8 and b.
8
Suppose 14*g = 11*g. Suppose -4 = -4*d, -34 = -5*h - 4*d - g*d. Calculate the greatest common divisor of 66 and h.
6
Let v = -893 - -1314. Let r = -276 + v. Calculate the highest common divisor of 29 and r.
29
Let f(g) = 10*g - 37. Let z be f(5). Let m = z + -12. What is the highest common divisor of m and 2?
1
Let h be 4/6 - (-10)/(-6). Let c be (-5 + h)/(6/(-16)). Let l(p) = -p**3 - 23*p**2 + 21*p - 40. Let z be l(-24). Calculate the highest common factor of z and c.
16
Let z(k) = 18*k + 156. Let q be z(-6). Calculate the greatest common divisor of q and 120.
24
Let v = -27 - -57. Let q be 130/(-13)*(234/30 + -9). What is the greatest common divisor of q and v?
6
Suppose 9*i - 2*i = -35. Let y = i + 7. Calculate the greatest common factor of y and 4.
2
Suppose 411 = 4*a - 5*u, -112*a + 413 = -108*a - 3*u. What is the highest common factor of a and 3848?
104
Let q(i) = -i**3 + 4*i**2 + 7*i - 4. Let n be q(5). Let p be 6*(-3 - (-20)/n). Suppose -p*c + 24 = 4. What is the highest common factor of 70 and c?
10
Let u(a) = 29*a**2 - 12*a + 53. Let t be u(4). What is the greatest common divisor of t and 35?
7
Let g(s) = s**2 - 16*s - 139. Let q be g(-7). Calculate the greatest common divisor of 638 and q.
22
Let g be (0 + -3 - 6)/((-3)/27). Let t = -104 - -158. Calculate the greatest common factor of g and t.
27
Suppose 2*b - r - 8 = 25, 63 = 4*b - r. Calculate the highest common divisor of 15 and b.
15
Let u(g) = -2*g**2 - 35*g + 90. Let a be u(-19). Calculate the greatest common divisor of a and 1221.
33
Let f be ((-15)/25)/((-1)/15). Suppose 4*i = -2*n + 332, i - 2*n - 3*n = 61. Calculate the greatest common factor of i and f.
9
Let m be (-4)/(-14) - 288/(-21). Suppose -2439 = -22*f + 949. Calculate the highest common divisor of f and m.
14
Let g = 614 + -599. What is the highest common divisor of g and 3?
3
Let r be (-28764)/(-378) - 6/63. What is the greatest common factor of 133 and r?
19
Suppose 72*f - 120 = 69*f. What is the greatest common factor of 680 and f?
40
Suppose 6 = 2*d, -4*s - 5*d = -93 - 50. Let k = 83 - s. Suppose 4*i = 18 + 50. What is the greatest common divisor of k and i?
17
Let n = 105 + -109. Let f be n/6*21/(-14). Calculate the highest common factor of f and 3.
1
Let a be ((-1664)/(-12))/8 - (-1)/(-3). What is the greatest common factor of 425 and a?
17
Let u be 22*7*1 - (-5 - -9). Calculate the greatest common divisor of u and 210.
30
Let k = 286 + -283. Calculate the highest common divisor of k and 24.
3
Suppose 4*i - 6431 + 5983 = 0. Suppose 13 = 2*x - 15. Calculate the greatest common factor of i and x.
14
Let z(f) = -f**2 + 3*f + 19. Let k be z(6). Let c be (0/k - (-2 + -1)) + 27. Let r = 23 + -8. Calculate the greatest common divisor of r and c.
15
Let z(u) = -u**3 - 7*u**2 - 18*u - 60. Let d be z(-6). Calculate the greatest common divisor of 354 and d.
6
Let f(c) = -3*c**3 + c**2 - 5*c - 6. Let y be f(-1). Suppose -2*i = 5*x - 35, 54 + 7 = 4*x - 5*i. What is the greatest common divisor of y and x?
3
Let i = 228 - 163. Calculate the highest common divisor of 260 and i.
65
Let g be (-2 - (-73)/(-3))/((-26)/624). What is the greatest common divisor of 79 and g?
79
Suppose 4*u = x + 2*x + 14, -8 = -5*u - x. Suppose 8 = u*t - 8. Let p(o) = -o**2 - o + 16. Let d be p(0). Calculate the greatest common factor of d and t.
8
Suppose 2230 = -3*s + 8*s - 5*o, 2234 = 5*s - 3*o. Calculate the highest common divisor of 70 and s.
14
Suppose 0 = -4*s - 3 + 15. Suppose -s*x = -0*x + 192. Let q = -24 - x. Calculate the greatest common factor of 16 and q.
8
Let l = -137 - -242. Let f = 47 + -32. Calculate the greatest common divisor of f and l.
15
Suppose 0 = -4*t, 4*v - 32 = -5*t + t. Let n = -82 - -85. Suppose 0 = n*w + 2*z - 176, -2*w + 0*z + 96 = -4*z. Calculate the greatest common divisor of v and w.
8
Let g be 3 + (-26)/10 + (-8)/(-5). What is the highest common factor of g and 104?
2
Let u be 30*(-6 - 483/(-35)). Calculate the highest common factor of 182 and u.
26
Let k(z) = -z**3 + 18*z**2 - 15*z - 37. Let g be k(16). Calculate the highest common factor of 5 and g.
5
Let o = -18 - -20. Suppose x = 2*p - 7*p + 1, 41 = o*x - 3*p. Calculate the greatest common divisor of 144 and x.
16
Suppose 5*f = 8*c - 11*c + 207, 81 = 2*f + 3*c. What is the greatest common factor of f and 48?
6
Let s = -390 - -408. Suppose 0 = d - 4*d. Suppose x = 2*f + 62, -4*x + 224 = -2*f - d*f. What is the highest common divisor of s and x?
18
Let h be 3 + (4 - 3) + -2. Let z be 12/3 - (-216)/h. Calculate the greatest common factor of 28 and z.
28
Let z(t) = -8 - 6 - 7*t + 2*t**2 - 3*t - 3*t**2. Let c be z(-7). Calculate the greatest common divisor of c and 56.
7
Let g = 389 + -383. What is the highest common factor of 360 and g?
6
Let m be (103 - -1) + (-594)/(-99). What is the greatest co